 12 - 49, 3*c + 4*a = 111. What is the remainder when g(-4) is divided by c?
17
What is the remainder when 349 is divided by (-3)/(-18) + 187100/600?
37
Let t be (5957/74)/((2 - 0)/4). Suppose 575 = 4*g - u, g + 3 - t = 5*u. Let n = -122 + g. Calculate the remainder when 56 is divided by n.
14
Let o(g) = -15*g**2 + 791*g + 312. Suppose -3*n - 78 = -210. Calculate the remainder when o(53) is divided by n.
12
Suppose 5*t = -x + 21, 86 = 2*x - 5*t + 4*t. Let v(g) = -2*g + 68. Let i = 159 - 132. What is the remainder when x is divided by v(i)?
13
Suppose 5*v + 3296 = r + 358, -2*v + 2*r - 1172 = 0. Let f = -954 + 546. Let h = f - v. Calculate the remainder when h is divided by 13.
11
Suppose -4*w - 8 = -3*i, 2*i = w + 3*i - 5. Let f be (7/6 - w) + 20130/180. Suppose -7*p = -3*p - f. What is the remainder when p is divided by 15?
13
Let q = -173 - -198. Let r = 71 + -72. What is the remainder when q is divided by r/(5/(3 + -53))?
5
Let s be (30/35)/(2/7). Suppose -303 = -s*y + 4*m, 2*m = 8*y - 3*y - 505. Calculate the remainder when y is divided by 35.
31
What is the remainder when 4098 is divided by -25*(18/15)/((-78)/52)?
18
Calculate the remainder when 1*263 + (11 - 26 - -6) is divided by 27.
11
Suppose 2*f = f + 59. Suppose u - 13 = 5*d, -8*u = -11*u - 2*d + 56. Calculate the remainder when f is divided by 60/(-24) + 1/(-2) + u.
14
Suppose 0 = 133*m - 132*m - 5*r, r = -5*m + 26. Suppose 3*c - 4*b - 1017 = b, 0 = -4*c - 2*b + 1330. What is the remainder when c is divided by m?
4
Suppose 95*d - 110*d = -120. Calculate the remainder when 214 is divided by d.
6
Suppose 0 = k, -k = 22*w - 19*w - 183. Calculate the remainder when 203 is divided by w.
20
Suppose 3*r + 5*m = 214, 2*r + 47 - 181 = m. What is the remainder when 4688 is divided by r?
64
Let z be (9/3 + 3)*(-12)/(-18). Let t(k) = 7*k - 23. Let r(i) = 8*i - 23. Let m(o) = 5*r(o) - 4*t(o). Calculate the remainder when 47 is divided by m(z).
22
Suppose -93*p + 87*p = -11076. What is the remainder when p is divided by 6?
4
Let k = -91 + 98. Suppose -k*b + 59 + 60 = 0. Suppose 4*z - 91 = 177. Calculate the remainder when z is divided by b.
16
Let s = -36 - -38. Suppose -4*x = -2*p + 7*p - 57, -s*x + 33 = p. Calculate the remainder when 141 is divided by x.
15
Let h(g) = -10*g + 1. Let z be h(-1). Suppose 0 = -36*y + 35*y + z. What is the remainder when 64 is divided by y?
9
Suppose -2*r + 5*o + 0*o = -11, 2*r = -4*o + 20. Let g = 100 + -58. Calculate the remainder when g is divided by -2*15/(-10) + r.
9
Suppose 26*u - 296 = -5*z + 23*u, 0 = -u + 2. Calculate the remainder when 829 is divided by z.
17
Suppose -4*t - 10541 = 2*x - 10745, 3*x - 383 = 5*t. Let i(l) = 11*l + 3. Calculate the remainder when x is divided by i(4).
22
Let u(l) = l**3 - 62*l**2 - l + 82. What is the remainder when 43 is divided by u(62)?
3
Let y = -6197 + 6334. Calculate the remainder when 2327 is divided by y.
135
Let d = 6949 + -6774. Calculate the remainder when 4015 is divided by d.
165
Let u(a) = 4*a - 25. Let p(n) = 5*n**2 + 34*n. Let f be p(-7). What is the remainder when 16 is divided by u(f)?
1
Suppose 171322 + 91400 = 59*b + 74748. What is the remainder when b is divided by 24?
18
Let h(z) = 2*z - 96 + 107 + 2*z. Let f be h(0). Let l = f + 0. Calculate the remainder when 29 is divided by l.
7
Let y be (-4)/(-14) + 29205/(-77). Let g = y + 445. What is the remainder when g is divided by 14?
10
Suppose -t + 38 = 9*p - 4*p, 2*t = 2*p + 64. Calculate the remainder when 148 is divided by t.
16
Suppose -1031 = -3*p + 2*r + 1540, 5*r = p - 870. Let f = -572 + p. What is the remainder when f is divided by 13?
10
Calculate the remainder when 3/(-2)*(128/24)/2*-19 is divided by 15.
1
Suppose -2*h = 0, 3*y + 3*h = -y + 348. What is the remainder when 16/(576/153)*60 is divided by y?
81
Suppose -3*u - 20 = -8*u, 5*u = -w + 27. Suppose 1 + w = 4*f, 993 = 3*l + 3*f. What is the remainder when l is divided by 15?
14
Let m = 4751 - 4734. What is the remainder when 127 is divided by m?
8
Suppose 17*d + 5250 = 16878. Calculate the remainder when d is divided by 16.
12
Suppose -6 = -3*v, 6*r - r - 14 = -2*v. Suppose 0 = 6*w - 5*w - r. Suppose s + w*n = 4 + 2, 4*s - 2*n = 34. Calculate the remainder when s is divided by 3.
2
Let o = -1725 - -2481. What is the remainder when o is divided by 745?
11
Suppose -w = 2*w - 120. Suppose -83*y + 1678 = 848. Calculate the remainder when w is divided by y.
0
Let j(n) = -3*n - 1. Let c(s) = 9*s + 211. Let z(y) = c(y) + 4*j(y). What is the remainder when z(0) is divided by 30?
27
Suppose 0 = -15*l + 1007 + 883. Suppose 0 = -4*i + 5*j + 171, -3*i + 79 + 29 = 3*j. What is the remainder when l is divided by i?
9
Suppose b - 475 - 357 = -114. Calculate the remainder when b is divided by 334.
50
Suppose -16*z + 7*z = -4050. Suppose -z = -2*f + 4*u, 2*u + 444 = 2*f - 0*u. Calculate the remainder when f is divided by 16.
11
Let s(w) = w**2 + 6*w + 7. Let m be s(-7). Suppose 0 = 68*a - 72*a + 24, 4*k + 4*a - 132 = 0. What is the remainder when k is divided by (m/3)/((-10)/(-15))?
6
Suppose -4*f - 255 = -5*j - 2*f, -2*j + 113 = -3*f. What is the remainder when 1812 is divided by j?
48
Suppose k - 11 = j + 16, 0 = -k - 4*j + 37. Let b = k - 17. Let h(d) = 2*d**3 - 31*d**2 + 44*d - 5. Calculate the remainder when h(14) is divided by b.
11
Let x = 152 + -150. What is the remainder when 23 is divided by (4 - 2) + -4 + (9 - x)?
3
Let j(n) = -n**2 - 23*n + 47. Suppose -d = -5*r + 455, -3*d - 7 - 8 = 0. What is the remainder when r is divided by j(-24)?
21
Let a(j) = j**3 + 8*j**2 + 7*j + 5. Let i(b) = -2*b**2 + 30*b - 35. Let q be i(14). What is the remainder when a(-6) is divided by 30/q*(-287)/123?
5
Suppose 48*s - 7*s - 328 = 0. Suppose -4*o + 91 = w, s*w - 3*w - 375 = -4*o. What is the remainder when 129 is divided by w?
58
Let g = 0 - -30. Suppose -122*n - 600 = -128*n. Suppose 10*a = 10 + n. Calculate the remainder when g is divided by a.
8
Let q(c) = -2*c**3 + 108*c**2 - 107*c + 63. What is the remainder when 5255 is divided by q(53)?
5
Let v = -11244 + 18079. Calculate the remainder when v is divided by 263.
260
Let v(i) = -143*i - 18450. Calculate the remainder when v(-140) is divided by 223.
9
Let n = 1970 - 1918. Calculate the remainder when 99 is divided by n.
47
Suppose -d - 4*y + 518 = -764, -3*y = 5*d - 6376. Calculate the remainder when d is divided by 49.
0
Suppose 8589 - 28957 = -134*s. What is the remainder when 390 is divided by s?
86
Suppose -367 = -16*j + 1393. Let x = j + -27. What is the remainder when x is divided by 43?
40
Let u be (-2)/(-32) - (-589)/304. Suppose u*s + 40 - 7 = l, -3*s = -9. Calculate the remainder when l is divided by 10.
9
Suppose -3*d = 4*q - 132, -3*d + q + 4*q = -159. Let x be (-6)/6 - d/(-2). Suppose 24*n = x*n + 36. Calculate the remainder when 105 is divided by n.
33
Let v(j) = 27*j + 88. What is the remainder when 473 is divided by v(-3)?
4
Let l(m) = -159*m + 5290. Calculate the remainder when l(20) is divided by 314.
226
Let p = 33 - 14. Let c = 195 + -868. Let u = -579 - c. What is the remainder when u is divided by p?
18
Suppose 39*b - 13*b - 127439 = 65507. Calculate the remainder when b is divided by 27.
23
Let b(f) = 19*f**3 + f**2 - f - 1. Let o(d) = -d**2 - 14*d + 7. Let k(a) = 4*a - 6. Let s be k(-2). What is the remainder when b(1) is divided by o(s)?
4
Suppose -2*x - 455 = -3*x - m, 0 = x - 2*m - 461. Suppose -27096*h + 27102*h = 552. Calculate the remainder when x is divided by h.
89
Let x(k) = 3*k**2 - 4*k - 5. Suppose -7*t = -3*t - 4, -3*t + 428 = 5*d. Suppose 0 = 29*m - d - 2235. What is the remainder when m is divided by x(4)?
26
Let p be (0 - 2*-4)*1. Let n = 194 - 194. What is the remainder when 15 is divided by 11 + (5 - p - (n - 5))?
2
Suppose -4*h + 331 = t, 3*t + 4*h - h - 1011 = 0. Let o = t - 301. Suppose -9 - 7 = -4*n, 52 = 4*p - n. Calculate the remainder when o is divided by p.
10
Suppose -3*u + 40 = 4*h, 0 = -u - 0*u + 5*h - 12. Calculate the remainder when 227 is divided by ((-767)/(-52))/(2/u).
50
Let h(o) = -3*o**2 + 11*o + 5. Let s be h(5). Calculate the remainder when ((-1310)/30 + (-2)/(-3))*-3 is divided by -2 + (3 - 4 - s).
9
Let u = 7718 + -7480. What is the remainder when u is divided by 48?
46
Suppose 238 = 16*l